29
List the prime factors of 6529532.
2, 1632383
What are the prime factors of 134173?
13, 10321
List the prime factors of 11408117.
7, 1629731
What are the prime factors of 1978186?
2, 7, 101, 1399
What are the prime factors of 720165?
3, 5, 41, 1171
What are the prime factors of 127350?
2, 3, 5, 283
What are the prime factors of 6691809?
3, 337, 6619
What are the prime factors of 1651771?
11, 17, 73
List the prime factors of 4962.
2, 3, 827
List the prime factors of 8052837.
3, 13, 206483
What are the prime factors of 407339?
43, 9473
List the prime factors of 41346.
2, 3, 2297
List the prime factors of 661864.
2, 7, 53, 223
List the prime factors of 870089.
11, 83, 953
What are the prime factors of 267450?
2, 3, 5, 1783
List the prime factors of 610966.
2, 305483
What are the prime factors of 6074014?
2, 61, 49787
What are the prime factors of 296696?
2, 37087
List the prime factors of 12551169.
3, 23, 101, 1801
List the prime factors of 204912.
2, 3, 1423
What are the prime factors of 506576?
2, 7, 4523
What are the prime factors of 1881921?
3, 139, 4513
List the prime factors of 87323.
87323
What are the prime factors of 4185344?
2, 16349
List the prime factors of 841897.
7, 43, 2797
What are the prime factors of 1797116?
2, 83, 5413
What are the prime factors of 1090781?
43, 25367
What are the prime factors of 29500?
2, 5, 59
List the prime factors of 2674506.
2, 3, 67, 6653
List the prime factors of 1444550.
2, 5, 167, 173
What are the prime factors of 2061426?
2, 3, 79, 4349
List the prime factors of 321828.
2, 3, 13, 2063
What are the prime factors of 5173204?
2, 67, 97, 199
What are the prime factors of 6561989?
7, 107, 8761
List the prime factors of 338307.
3, 23, 4903
What are the prime factors of 19980711?
3, 193, 11503
What are the prime factors of 22085611?
22085611
What are the prime factors of 628204?
2, 157051
What are the prime factors of 4647188?
2, 7, 13, 17, 751
List the prime factors of 3659806.
2, 23, 79561
List the prime factors of 705054.
2, 3, 7, 16787
List the prime factors of 131856.
2, 3, 41, 67
What are the prime factors of 13686?
2, 3, 2281
List the prime factors of 3154209.
3, 19, 55337
List the prime factors of 6185822.
2, 991, 3121
What are the prime factors of 1455394?
2, 23, 29, 1091
List the prime factors of 1239146.
2, 619573
List the prime factors of 1455709.
67, 21727
What are the prime factors of 8063199?
3, 107, 2791
What are the prime factors of 1687471?
17, 5839
What are the prime factors of 41937?
3, 7, 1997
What are the prime factors of 8210907?
3, 19, 48017
What are the prime factors of 31173193?
31173193
What are the prime factors of 174552?
2, 3, 7, 1039
List the prime factors of 12221738.
2, 67, 223, 409
What are the prime factors of 709467?
3, 11, 21499
What are the prime factors of 3281639?
59, 55621
List the prime factors of 248438.
2, 17, 7307
What are the prime factors of 17958183?
3, 47, 127363
What are the prime factors of 19760993?
7, 769, 3671
List the prime factors of 7144.
2, 19, 47
What are the prime factors of 1116348?
2, 3, 41, 2269
List the prime factors of 229723.
13, 41, 431
List the prime factors of 31271299.
491, 63689
List the prime factors of 384786.
2, 3, 21377
What are the prime factors of 20670?
2, 3, 5, 13, 53
What are the prime factors of 12658128?
2, 3, 7, 101, 373
List the prime factors of 370155.
3, 5, 24677
List the prime factors of 337758.
2, 3, 41, 1373
List the prime factors of 835344.
2, 3, 5801
What are the prime factors of 12548445?
3, 5, 7, 13, 29, 317
What are the prime factors of 107005?
5, 21401
List the prime factors of 359793.
3, 7, 5711
List the prime factors of 112389.
3, 37463
What are the prime factors of 5226004?
2, 7, 17, 10979
What are the prime factors of 24953380?
2, 5, 991, 1259
List the prime factors of 8646130.
2, 5, 864613
List the prime factors of 1370602.
2, 685301
What are the prime factors of 6007395?
3, 5, 619, 647
List the prime factors of 1516386.
2, 3, 252731
List the prime factors of 18553175.
5, 742127
What are the prime factors of 1432053?
3, 7, 7577
What are the prime factors of 2286282?
2, 3, 381047
List the prime factors of 16640175.
3, 5, 127, 1747
List the prime factors of 2467729.
11, 263, 853
What are the prime factors of 6709133?
6709133
List the prime factors of 220406.
2, 193, 571
List the prime factors of 10910364.
2, 3, 701, 1297
What are the prime factors of 8819227?
8819227
What are the prime factors of 168358?
2, 84179
List the prime factors of 125172.
2, 3, 19, 61
List the prime factors of 3539912.
2, 442489
What are the prime factors of 2575492?
2, 643873
What are the prime factors of 177207?
3, 59069
List the prime factors of 19501865.
5, 149, 26177
What are the prime factors of 128139?
3, 11, 353
What are the prime factors of 818849?
43, 137, 139
List the prime factors of 12583527.
3, 11, 381319
What are the prime factors of 21283985?
5, 4256797
List the prime factors of 136773.
3, 7, 13, 167
List the prime factors of 50073.
3, 16691
List the prime factors of 836181.
3, 53, 1753
What are the prime factors of 395185?
5, 7, 1613
List the prime factors of 9935944.
2, 271, 4583
What are the prime factors of 211628?
2, 191, 277
List the prime factors of 2801377.
23, 31, 3929
What are the prime factors of 3856043?
29, 132967
What are the prime factors of 13273746?
2, 3, 941, 2351
What are the prime factors of 114155?
5, 17, 79
List the prime factors of 10109170.
2, 5, 1010917
What are the prime factors of 133834?
2, 61, 1097
What are the prime factors of 456174?
2, 3, 25343
List the prime factors of 442727.
23, 19249
What are the prime factors of 236421?
3, 109, 241
List the prime factors of 337306.
2, 191, 883
List the prime factors of 7615063.
1123, 6781
List the prime factors of 21965107.
569, 38603
List the prime factors of 25905.
3, 5, 11, 157
What are the prime factors of 168556?
2, 42139
What are the prime factors of 82720?
2, 5, 11, 47
What are the prime factors of 317108?
2, 11, 7207
List the prime factors of 5239444.
2, 7, 187123
What are the prime factors of 2919769?
2919769
What are the prime factors of 79643?
73, 1091
List the prime factors of 10652636.
2, 2663159
What are the prime factors of 228381?
3, 269, 283
List the prime factors of 461611.
463, 997
List the prime factors of 325164.
2, 3, 7, 79
What are the prime factors of 922138?
2, 7, 65867
List the prime factors of 290820.
2, 3, 5, 37, 131
List the prime factors of 370464.
2, 3, 17, 227
List the prime factors of 4699697.
4699697
What are the prime factors of 102649?
23, 4463
List the prime factors of 865200.
2, 3, 5, 7, 103
What are the prime factors of 71433?
3, 7937
List the prime factors of 934801.
7, 133543
What are the prime factors of 3601028?
2, 97, 9281
What are the prime factors of 7806131?
19, 23, 17863
List the prime factors of 101526.
2, 3, 16921
List the prime factors of 65524.
2, 16381
What are the prime factors of 13263103?
7, 1894729
List the prime factors of 517323.
3, 172441
List the prime factors of 8428445.
5, 59, 28571
What are the prime factors of 1737008?
2, 7, 13, 1193
What are the prime factors of 11143968?
2, 3, 11, 61, 173
What are the prime factors of 340030?
2, 5, 37, 919
List the prime factors of 765840.
2, 3, 5, 3191
List the prime factors of 3206348.
2, 137, 5851
What are the prime factors of 847871?
847871
List the prime factors of 124244.
2, 89, 349
What are the prime factors of 315214?
2, 17, 73, 127
What are the prime factors of 10581316?
2, 2645329
What are the prime factors of 530912?
2, 47, 353
List the prime factors of 21085763.
17, 19, 97, 673
List the prime factors of 350821.
461, 761
List the prime factors of 12165444.
2, 3, 112643
What are the prime factors of 4177949?
113, 36973
What are the prime factors of 1844347?
17, 23, 53, 89
List the prime factors of 588823.
23, 25601
What are the prime factors of 1040895?
3, 5, 23131
What are the prime factors of 101941?
7, 14563
What are the prime factors of 2304494?
2, 163, 7069
List the prime factors of 834712.
2, 103, 1013
What are the prime factors of 34101134?
2, 23, 131, 5659
List the prime factors of 5395812.
2, 3, 43, 10457
What are the prime factors of 171061?
11, 15551
List the prime factors of 956962.
2, 478481
What are the prime factors of 